526 = -4*b. Calculate the highest common factor of 204 and z.
102
Suppose -14 = -2*t + 3*u + 31, 4*u = -2*t + 80. Suppose -4*h - t = -3*p + 62, -2*p - 3*h + 50 = 0. Calculate the greatest common divisor of 42 and p.
14
Let w = 4214 + -3207. Calculate the highest common factor of 95 and w.
19
Let d(m) = m**2 + 7*m - 10. Let k be d(-9). Let j(i) = -i**2 + 26*i - 118. Let w be j(k). What is the greatest common factor of w and 247?
13
Let k(i) = -4*i**2 + 7*i - 4. Let a(s) = 4*s**2 - 6*s + 4. Let d(f) = 5*a(f) + 4*k(f). Let v be d(2). Calculate the highest common factor of v and 4.
4
Let z = 129 - 128. Let l be 3458/21 + z/3. What is the highest common divisor of 66 and l?
33
Let i be (-1 + -19)/((72/(-27))/4). Let c = 55 - i. Suppose 0 = t - c + 22. Calculate the highest common divisor of 4 and t.
1
Suppose -12*d - 2*d + 20328 = 0. Suppose 87*x = 99*x - d. What is the highest common divisor of 22 and x?
11
Let q = -162 + 164. Suppose -4*t + 4*i - 12 = 0, -5*i + 19 = -2*t - q. What is the highest common factor of 1 and t?
1
Suppose 8*w + 90 = -2*w. Let p = 4 + w. Let d be 3/p - (-5 + (-872)/20). What is the greatest common factor of d and 6?
6
Let g = -945 - -959. Suppose 55 = 6*r + 13. What is the highest common divisor of r and g?
7
Let d(v) = -v - 1. Let w be d(-5). Let c be ((-2)/w)/(2/(-340)). Let n = -19854 + 19888. Calculate the highest common factor of n and c.
17
Suppose -5*f + 7*m - 15 = 2*m, 0 = -5*f + 3*m - 5. Suppose 2*h - 3 = -11, 3*z + f = -5*h. What is the greatest common divisor of z and 3?
3
Let k(l) = l + 6. Let y be k(-2). Suppose -y*u + 85 = 21. Suppose -36*p + 345 + 519 = 0. What is the highest common divisor of u and p?
8
Suppose -9*b - 25 = -12*b - 4*j, -2*b + 3*j - 6 = 0. Suppose -6*x + 3*h = -b*x - 147, -h - 145 = -3*x. What is the greatest common factor of x and 32?
16
Suppose 104*j + 752 = 151*j. What is the highest common factor of j and 500?
4
Let z be 1 - -29 - (-224)/16. Calculate the greatest common divisor of 128 and z.
4
Let u be ((-104)/78)/((-6)/3717). Let s = u + -351. What is the greatest common divisor of s and 25?
25
Let a(b) be the first derivative of -b**4/4 - 11*b**3/3 - b**2 + 379. Let c = -6 + -5. Let l be a(c). Calculate the highest common divisor of l and 55.
11
Let h be 392*2 - (297/(-55) + (-9)/15). Calculate the greatest common factor of h and 10.
10
Let y = 15137 + -15130. Suppose -4*j + 566 - 174 = 0. What is the highest common divisor of j and y?
7
Suppose 0 = -83*h + 73*h + 20. Suppose -6*x + h*x = -4*a + 2392, 2*a = -x + 1184. What is the greatest common factor of 132 and a?
66
Suppose 2*u = -5*s + 15, 48*u - 52*u + 5*s + 75 = 0. Suppose 360 = -2*m + 5*m. Calculate the highest common divisor of u and m.
15
Suppose 20372 = 3*q + 2*w, -13581 = -4*q + 2*q - w. Calculate the highest common factor of 388 and q.
194
Let y = -36 - -60. Let s be -4 + (3 + 17)/5. Suppose -2*r = -4, s*r - 46 = -4*k + r. What is the highest common factor of k and y?
12
Let y = 283 + -447. Let w be ((-88)/132 - y/6)*3. What is the greatest common factor of 100 and w?
20
Suppose 3*o = -3*n + 141, 7*o = 5*o + 4*n + 64. What is the highest common factor of o and 2274?
6
Let b(h) = -136*h - 2033. Let p be b(-23). What is the greatest common factor of p and 285?
15
Let s be ((-1638)/(-378)*(10 + -1))/(3/109). Calculate the greatest common divisor of 2071 and s.
109
Let q = 69064 + -68979. Let w be ((-1)/(-2))/(1/20). Calculate the greatest common divisor of q and w.
5
Let u be 1/(-1)*6/((-36)/438). Suppose 0 = 78*g - u*g - 220. Suppose -4*s = -12 - g. Calculate the greatest common factor of s and 112.
14
Let x be 5 - 32/(2 - -6). Let f be ((-21)/2)/(4/((-40)/x)). What is the highest common factor of 35 and f?
35
Suppose -10400 = -10*p + 2470. Calculate the greatest common divisor of 286 and p.
143
Let u = 8154 - 8079. Calculate the greatest common factor of u and 8025.
75
Let m be ((-5320)/105)/((-2)/9). Let l = -212 + m. What is the greatest common divisor of l and 104?
8
Let a be 43/(4/(112/(-5))*(-116)/2030). What is the greatest common factor of a and 2?
2
Suppose -4*s - 88 = 160. Let z be 1536/(-14) + 2/(-7). Let l = s - z. What is the greatest common divisor of l and 16?
16
Suppose -3*c - 14*q + 16197 = 10*q, c - q = 5444. What is the greatest common divisor of 35 and c?
7
Let q = -412 + 398. Let r be 5/2 + (-483)/q. Suppose -s + 51 = -60. What is the highest common factor of s and r?
37
Let h = 104 + -107. Let m be h/8 + 5070/80. Let v be (-6)/(-27) - (-79)/9. What is the highest common divisor of m and v?
9
Suppose o + 4*h = -7, -5*o + 10*o = 4*h - 83. Let y be (-57)/o - (-4)/(-5). Let i = -6 - -39. Calculate the greatest common factor of i and y.
3
Let u be (-8060)/(-70) + (-1)/((-7)/(-1)). What is the greatest common factor of u and 253?
23
Let w(m) = 3*m**2 - 4*m - 7. Let h be w(-5). Suppose -3*i = -29 - h. Calculate the greatest common divisor of 6 and i.
3
Suppose 0 = -14979*h + 14966*h + 4836. What is the greatest common divisor of 48 and h?
12
Let s(u) = u**2 + 29*u - 26. Let g be s(-25). Let y = g + 224. Let d = y + -2. Calculate the highest common factor of 12 and d.
12
Let c = 13253 + -13058. What is the greatest common divisor of c and 85?
5
Let p = 305 - 303. Suppose -p*z + 61 = -21. Calculate the greatest common factor of z and 533.
41
Let d be ((-3174)/4)/((-8)/(-416)*-13). What is the greatest common divisor of d and 6?
6
Suppose 0*r = -r + 139. Suppose 7*x - 517 = -r. Suppose f + 56 = 3*m, 30 = m - 5*f + 2. What is the greatest common factor of m and x?
18
Let s(m) = 9*m - 96. Let l be s(11). Suppose -l*c + 5*x = 2*x - 57, -47 = -3*c + 5*x. What is the highest common factor of 32 and c?
8
Suppose 30*s = 26*s - 3*j + 4084, -4*j + 2032 = 2*s. Calculate the highest common factor of s and 16.
16
Let z = 9004 - 8477. What is the greatest common factor of 68 and z?
17
Let t be (-14 - 10)*3/(-12). Let g be (-256)/(-2) + t - -6. What is the highest common divisor of 56 and g?
28
Let t(o) = o**2 - 4*o + 7. Let l be t(7). Let g = l - 25. Suppose g*j + 20 - 115 = -q, -185 = -2*q - 5*j. Calculate the highest common divisor of q and 40.
40
Let j(q) = 2*q**2 - 2*q - 22. Let h be j(-7). Let y = h - 91. Let o be (-3 + 21)/(3 - (-1)/y). What is the greatest common divisor of 153 and o?
9
Let u = -4015 - -4043. Calculate the highest common factor of u and 476.
28
Suppose -5*g + 87 = 17. Suppose -g = 6*h - 14. Suppose 0 = u + 3*x - 14, h = -2*u + 6*u + 4*x - 64. What is the highest common factor of 323 and u?
17
Let n = 34 - 33. Let x be (0 - (4 - n))/(20/(-320)). Suppose -22 = -7*v + x. What is the highest common factor of v and 110?
10
Suppose 3*k = -2*a + 1184, 0 = -a + 4*k + 666 - 85. Let c = 218 - 199. Calculate the greatest common divisor of a and c.
19
Let n be -1 - -74 - (-1 + 2). Let c be 1/2*(20 + (-8736)/(-24)). What is the highest common divisor of c and n?
24
Let k be 1367/(-6) - 2 - 4/24. Let q be 2 - (k/(5 - 0) - -5). Calculate the highest common factor of 1 and q.
1
Let j be ((-70)/7 - -59) + -14. Let p be 0 - -85 - (5 + -4). What is the greatest common factor of j and p?
7
Let b be 2/(-8) + (-5306)/(-8). Let j be (-30)/65 - 7182/(-182). Calculate the highest common factor of b and j.
39
Let w = -31466 - -31745. What is the greatest common factor of 1829 and w?
31
Suppose -4*h - 2*q = -478, -19*h + 18*h + 3*q = -130. Let k be 245 + (-2)/(-11) + 220/h. Calculate the greatest common factor of 19 and k.
19
Suppose 143*p = -258*p - 494*p + 4475. Suppose -410 = -2*c - 0*c. What is the highest common divisor of p and c?
5
Let n = 443 + -353. Suppose 134 = 7*v - 76. What is the highest common factor of n and v?
30
Let s(m) = -22*m + 34. Let o be s(-8). Suppose -17*d + 12*d + o = 0. Let x = -27 + d. What is the highest common divisor of 120 and x?
15
Let s = -5202 + 6062. What is the highest common factor of 16 and s?
4
Suppose 3*v - 108 = 5*z + 141, z = -3*v + 267. Suppose -v*l + 71*l + 1224 = 0. What is the greatest common divisor of 204 and l?
12
Let z be (8 - (-1 - (49 - -5))) + -7. What is the highest common divisor of 8 and z?
8
Let j(s) = -29*s + 552. Let i be j(-40). Calculate the highest common divisor of i and 963.
107
Let s be -3 + 1/(3/2274) + 0/18. What is the greatest common factor of 15 and s?